?
10
Let u = 37 + 29. Suppose 0 = 5*t - 2*z - 9 + 1, 4*z = 4. Suppose t*h - 2*s = 2, 6*h - 2*h = s + 19. What is the greatest common divisor of h and u?
6
Let m(s) be the third derivative of -s**4/6 + 16*s**3/3 - 18*s**2. Let j be m(6). What is the greatest common divisor of j and 12?
4
Let x = 11 + -7. Suppose -x*w - 56 = -0*w. Let q = w + 32. What is the greatest common divisor of q and 3?
3
Let k be (2*(-1)/(-4))/((-5)/(-90)). What is the highest common factor of k and 6?
3
Let i(p) be the second derivative of -2*p**2 - 2*p - 1/12*p**4 + 0 - 3/2*p**3. Let m be i(-6). Calculate the highest common divisor of m and 14.
14
Suppose u - 5*u + 308 = -4*f, 0 = -5*f - 25. What is the greatest common divisor of u and 90?
18
Suppose -64*o + 349 + 227 = 0. What is the greatest common divisor of 1773 and o?
9
Let u(n) be the first derivative of -2*n**2 - 12*n - 8. Let c be u(-8). Calculate the greatest common factor of 220 and c.
20
Suppose 6351 = -3*q + 6372. Let r be 22 + (-1 - (-2 + 2)). Calculate the highest common factor of q and r.
7
Suppose 3*m - 5*h = -4, 6 = h + 1. Suppose -2*t + t - m = 4*s, -12 = 5*t - 3*s. Let k = t - -7. What is the greatest common factor of k and 44?
4
Let l(g) = -g**2 + 42*g - 12. Let s be l(9). What is the highest common divisor of 19 and s?
19
Suppose -a + 31 = 2*q, -5*q - 4*a + 73 = -0*q. Let p = -3 + q. Calculate the greatest common divisor of p and 7.
7
Suppose -102 = -n - 95. Suppose -29 = -k - g, 4*k + 2*g = -0*k + 114. Calculate the highest common factor of k and n.
7
Let z = -208 - -219. What is the highest common divisor of 209 and z?
11
Let t = -587 + 839. Calculate the greatest common divisor of 238 and t.
14
Let l = 5621 - 5602. Suppose 2*d = b + 37, 0*d - 54 = -3*d + 3*b. Calculate the highest common divisor of d and l.
19
Let k(t) = -2*t**2 + 3 + t**3 - 4 - 2*t**2 + 3*t. Let v be k(2). Let x be (5/(-3))/(v/180). Calculate the greatest common divisor of 25 and x.
25
Suppose 1525*x - 1527*x + 88 = 0. What is the highest common divisor of x and 16?
4
Suppose -26*l + 2013 + 3447 = 0. What is the highest common divisor of 350 and l?
70
Suppose 5*h = -2*o - 2*o + 13, 0 = 3*o - 5*h - 1. Suppose i = 4, -2*m + o*i - 5*i + 348 = 0. Let r = -6 - -30. Calculate the greatest common divisor of m and r.
24
Let s = -82 + 79. Let h be ((-160)/(-6))/(-4)*(0 + s). Let v be -3*2/6*-20. What is the greatest common factor of v and h?
20
Let q(k) = -6*k + 3. Let l be q(2). Let b be 2/l + ((-3676)/(-18) - 6). Let x = 49 + -27. Calculate the greatest common divisor of b and x.
22
Suppose -75 = 2*k - 3*k. Calculate the highest common divisor of 15 and k.
15
Suppose 5*f - 238 = -12*f. Calculate the greatest common divisor of 70 and f.
14
Let n(s) = -58*s + 9. Let t be n(-2). Let l be (25/(-2))/(1/(-2)). What is the highest common divisor of t and l?
25
Let b = -24 - -55. Suppose -b*h - 1000 = -36*h. What is the highest common divisor of 40 and h?
40
Suppose 8*k + 269 - 949 = 0. Calculate the greatest common factor of k and 5.
5
Let k(c) = -c**2 + 13*c - 32. Let l be k(8). Calculate the highest common factor of 188 and l.
4
Suppose -315 = -13*l + 75. Let v be (-44)/(-3) - (-1)/3. What is the greatest common factor of v and l?
15
Suppose 2*b = -2*g + 94, -2*b + 5*g + 88 = -6. Let q = b - 32. What is the highest common divisor of q and 105?
15
Suppose 0 = 3*h + 3*c - 630, -h + 833 = 3*h - 3*c. What is the greatest common divisor of h and 76?
19
Let j(u) be the first derivative of u**4 + u**3/3 - u**2 + 2*u + 8. Let b be j(0). What is the highest common divisor of b and 14?
2
Suppose -4*t + 30 = 5*o, 0*t = -5*o - t + 30. Calculate the highest common factor of 14 and o.
2
Let u = 38 + -27. Suppose g + 4*n = 24, 10 = 3*n - 5. Suppose g*x + 3*x - 77 = 0. What is the greatest common factor of x and u?
11
Let s(n) = 2*n**2 - 4*n. Let t be s(3). What is the greatest common factor of 30 and t?
6
Suppose -v = -4*f + 29, 5*v - 24 = -f - 1. Let m = -28 - -36. Suppose 2 = -7*u + m*u. What is the highest common divisor of f and u?
2
Suppose -3*c = 3*z - 12, 3*c - 6*z - 20 = -z. Suppose 2*i + 0*m - 21 = c*m, -3*m - 81 = -5*i. Calculate the greatest common factor of 2 and i.
2
Let h(q) = q**3 - 14*q**2 - q + 17. Let u be h(14). Suppose -17 - 10 = u*s. Let o be (-434)/s + 8/(-36). What is the greatest common factor of o and 32?
16
Let c = -581 + 665. Calculate the greatest common factor of c and 48.
12
Suppose -336 = 1184*i - 1186*i. What is the greatest common divisor of 42 and i?
42
Let u be (2 - 2 - -2) + 8. Let c = -189 + 259. Calculate the greatest common factor of c and u.
10
Suppose -1334 = -2*l - 364. Let a = l - 170. Suppose 1 = 2*g - 5, 0 = 3*q + 5*g - a. What is the highest common factor of q and 20?
20
Suppose 0 = 254*l - 245*l - 90. Calculate the greatest common factor of 50 and l.
10
Let g(d) = d**3 + 9*d**2 + 24. Let a be g(-9). Calculate the highest common divisor of a and 16.
8
Suppose -g + 54 = -0*g. Let f = g - 46. What is the greatest common divisor of f and 16?
8
Suppose -49 - 207 = -4*y. Let f = 97 - y. What is the highest common factor of 11 and f?
11
Suppose 4*v = 2*d - d - 800, d - v - 815 = 0. What is the greatest common factor of d and 20?
20
Let b be 32 + (7 + -5)/1. Suppose -3*w = 2*n - 99, -4*w = n - 6*n + 259. What is the greatest common divisor of b and n?
17
Let n be (-72)/5*((-58)/6 - -3). What is the greatest common divisor of 24 and n?
24
Suppose -139*n = -150*n + 165. Let d be (3/3 - 2) + 61. What is the greatest common divisor of d and n?
15
Let a = -9 - -12. Let v be 29 - 1 - (1 - a). Suppose -2*w - 4*y = 0, 0*w = 2*w - 4*y - 40. What is the highest common divisor of w and v?
10
Let r be -2 - (3/(-7) + 7200/(-105)). Suppose 45 + r = 4*s. What is the greatest common factor of 42 and s?
14
Suppose 28*x - x - 594 = 0. Suppose -3*j - 990 = -8*j. What is the highest common factor of x and j?
22
Let d = 735 - 675. Calculate the highest common factor of d and 40.
20
Suppose 3*x - 186 = -4*t, -7*t = -2*t - 5*x - 215. Suppose -4*g - 5*v + 47 = 42, -4*g - 4*v + 8 = 0. What is the greatest common factor of t and g?
5
Suppose 8*d - 5*d = -48. Let n be d*-6*5/20. Calculate the greatest common factor of 96 and n.
24
Let b = 2687 - 1662. What is the greatest common divisor of 75 and b?
25
Let j be 25/15 - 2*(-2)/12. Let k = -3 - -6. Calculate the greatest common factor of j and k.
1
Let d(q) be the first derivative of 1/2*q**2 + 20*q + 3. Let s be d(-9). What is the highest common factor of 110 and s?
11
Let m = -526 + 550. What is the highest common divisor of m and 48?
24
Suppose 9*a - 7*a = 10. Suppose 0 = u - 3*u - 3*f + 32, 0 = -a*u - 5*f + 70. Calculate the greatest common factor of u and 15.
5
Suppose 269*b - 324 = 266*b. Calculate the greatest common divisor of 24 and b.
12
Let y(b) = b - 1. Let a be y(-1). Let x be (1/(4/(-10)))/(1/a). Calculate the greatest common divisor of 5 and x.
5
Let a = 365 + -137. Calculate the highest common divisor of a and 24.
12
Suppose -49*p - 1152 = -67*p. Calculate the highest common divisor of 64 and p.
64
Suppose 5*f - 5*g - 30 = 0, 5*g + 15 = -f - 9. Let w = f - 10. Let h = 47 - w. What is the greatest common divisor of 7 and h?
7
Let n be 0/(((-2)/3)/((-2)/9)). Let y be (-22)/(-5)*((-5)/(-1) - n). Calculate the highest common factor of 33 and y.
11
Let c be ((-15)/12)/((-1)/16) + -4. Let w be (0 - -1)*(9 - 1). Calculate the greatest common factor of c and w.
8
Let w = 34 - 30. Let h = -1 + -3. Let u = 24 + h. What is the greatest common factor of w and u?
4
Suppose 9*z - 657 = 1296. What is the highest common divisor of z and 62?
31
Let i = -16 - -24. Let f be 75/30*(-156)/(-10). Let d be (6 - f)/(9/(-24)). What is the highest common factor of i and d?
8
Let u = 852 - 841. Calculate the greatest common divisor of 352 and u.
11
Suppose -2*x + 572 = -92. Suppose 2*r + 220 = 2*y, -5*r = 2*y - x + 112. Calculate the greatest common factor of y and 22.
22
Suppose 0 = -3*w + 4*f + 33, -216 + 175 = -5*w + 2*f. What is the greatest common factor of w and 973?
7
Let h be ((-1195)/3)/(-5) - 1/(-3). Calculate the highest common factor of 40 and h.
40
Let f be (36/8)/(-6 + 305/50). Calculate the greatest common divisor of f and 855.
45
Suppose -2*k + 60 = 4*k. Let v(h) = 2*h**2 - 19*h + 6. 